{"id":149,"date":"2025-01-02T14:25:38","date_gmt":"2025-01-02T11:25:38","guid":{"rendered":"https:\/\/efortugla.com\/?page_id=149"},"modified":"2025-01-02T14:49:55","modified_gmt":"2025-01-02T11:49:55","slug":"tse-belgemiz","status":"publish","type":"page","link":"https:\/\/efortugla.com\/?page_id=149","title":{"rendered":"TSE BELGEM\u0130Z"},"content":{"rendered":"\n<p><\/p>\n\n\n\n<div class=\"wp-block-file\"><object class=\"wp-block-file__embed\" data=\"https:\/\/efortugla.com\/wp-content\/uploads\/2025\/01\/EFOR-1.pdf\" type=\"application\/pdf\" style=\"width:100%;height:2000px\" aria-label=\"EFOR-1 g\u00f6m\u00fcs\u00fc.\"><\/object><a id=\"wp-block-file--media-54776f7f-2d80-4a9c-befe-f67ad5c806e2\" href=\"https:\/\/efortugla.com\/wp-content\/uploads\/2025\/01\/EFOR-1.pdf\">EFOR-1<\/a><a href=\"https:\/\/efortugla.com\/wp-content\/uploads\/2025\/01\/EFOR-1.pdf\" class=\"wp-block-file__button wp-element-button\" download aria-describedby=\"wp-block-file--media-54776f7f-2d80-4a9c-befe-f67ad5c806e2\">\u0130ndir<\/a><\/div>\n","protected":false},"excerpt":{"rendered":"","protected":false},"author":1,"featured_media":161,"parent":0,"menu_order":0,"comment_status":"closed","ping_status":"closed","template":"","meta":[],"_links":{"self":[{"href":"https:\/\/efortugla.com\/index.php?rest_route=\/wp\/v2\/pages\/149"}],"collection":[{"href":"https:\/\/efortugla.com\/index.php?rest_route=\/wp\/v2\/pages"}],"about":[{"href":"https:\/\/efortugla.com\/index.php?rest_route=\/wp\/v2\/types\/page"}],"author":[{"embeddable":true,"href":"https:\/\/efortugla.com\/index.php?rest_route=\/wp\/v2\/users\/1"}],"replies":[{"embeddable":true,"href":"https:\/\/efortugla.com\/index.php?rest_route=%2Fwp%2Fv2%2Fcomments&post=149"}],"version-history":[{"count":6,"href":"https:\/\/efortugla.com\/index.php?rest_route=\/wp\/v2\/pages\/149\/revisions"}],"predecessor-version":[{"id":167,"href":"https:\/\/efortugla.com\/index.php?rest_route=\/wp\/v2\/pages\/149\/revisions\/167"}],"wp:featuredmedia":[{"embeddable":true,"href":"https:\/\/efortugla.com\/index.php?rest_route=\/wp\/v2\/media\/161"}],"wp:attachment":[{"href":"https:\/\/efortugla.com\/index.php?rest_route=%2Fwp%2Fv2%2Fmedia&parent=149"}],"curies":[{"name":"wp","href":"https:\/\/api.w.org\/{rel}","templated":true}]}}